 z(x) = 18*x**3 - 7*x**2 - 10*x + 31. Let a = 45 - 39. Is z(a) a composite number?
False
Let n = 4306 + -3071. Suppose p - 3*h = 871, p - n = -4*h - 350. Is p composite?
False
Suppose 0 = -2*f - 3*f + 20. Suppose 3*p + 105 + 93 = 4*l, f*p + 264 = -4*l. Is (-58)/(3/p*4) prime?
False
Let c = -4086 - -6078. Let w = c - -529. Is w composite?
False
Let p = 28625 + -20112. Is p a prime number?
True
Let d(b) = 88*b**3 + 7*b**2 - 8*b - 3. Let y be d(3). Suppose -c - 5*j = -1404 - 1048, -c + y = -3*j. Is c prime?
False
Let p(x) be the second derivative of x**6/120 - x**5/40 + 7*x**4/24 + 4*x**3/3 + 9*x. Let c(s) be the second derivative of p(s). Is c(6) a prime number?
True
Let w = 1682 - 983. Suppose -w - 2588 = -u. Is u a composite number?
True
Let g be 1926/13 + (-8)/52. Let u = g + -19. Is u prime?
False
Suppose -18*w = -6*w - 253452. Is w prime?
True
Suppose -3*i - 1 = -4*r, 2*r + 5*i - 13 = 5*r. Suppose 4*g - r*j = g + 202, -2*g - 3*j + 163 = 0. Is g prime?
False
Let h = -50289 + 135826. Is h a prime number?
False
Let y = 68 + -67. Is 7582/85*(y/2 - -2) a composite number?
False
Suppose 132*j - 114*j = 753606. Is j a prime number?
False
Let c(w) = -w**3 - 12*w**2 - 12*w + 14. Let r be (-602)/35 + 2 - (-1)/5. Is c(r) a prime number?
False
Suppose -l + 0*s + 1077 = -s, 4*s = -16. Let a = l + -450. Is a a composite number?
True
Let l be 1 - (-2)/6*-3. Suppose -19*k + 18*k - 2 = l. Is (k + (-423)/6)*-2 composite?
True
Let p(a) = a**2 + 1. Let s be p(1). Suppose 0 = -s*u + u + 813. Suppose -u = -3*m - 60. Is m prime?
True
Is -2 + (963 - 1) - -7 a composite number?
False
Let t be 353/(-7) - 15/(-35). Is 15/(-3) - -4 - t a composite number?
True
Let m = -694 - -1055. Let v = m - -144. Is v a prime number?
False
Let b(g) = -2*g**3 - 9*g**2 - 19*g - 27. Suppose 13*j - 11*j = -24. Is b(j) prime?
False
Let t = -354 - -1094. Suppose -2*j = -4*h + t, 3*j + 740 = 6*h - 2*h. Is h prime?
False
Suppose -19*o + 376985 + 318168 = 0. Is o a composite number?
False
Suppose q + q - 12 = 0. Let m(u) = 105*u + 4. Is m(q) a prime number?
False
Let j(f) = 13*f - 4. Let o(i) = -i**2 + 1. Let z be o(2). Let a(c) = 12*c - 5. Let p(d) = z*a(d) + 4*j(d). Is p(8) a prime number?
True
Suppose -q - 11 = -6*q + 2*i, 4*q - 8 = 2*i. Suppose 0 = q*x + 3*x + 24. Is (14/4 + x)*-524 prime?
False
Suppose -5*d + 9660 = 3*w, -8*d - w - 9640 = -13*d. Is d a composite number?
True
Suppose 7*l - 32125 = -6512. Is l prime?
True
Suppose -6*b + 1469182 = -0*t + 4*t, 0 = -4*t - 8. Is b a composite number?
True
Let s = -10 - -6. Let w be s + 0 + 0 - 12. Is 4/16 + (-940)/w composite?
False
Suppose 220*t - 6 = 218*t. Suppose -4*h = -20, -h = -t*p - 268 + 2270. Is p a prime number?
False
Suppose q = 1 + 3, 0 = 5*f - 3*q + 287. Let l be 4132/22 - 10/f. Let r = 405 - l. Is r composite?
True
Suppose 889 + 626 = 5*f. Suppose -3*s + 4*j = -f, 8*s = 3*s + 4*j + 497. Is s prime?
True
Suppose -9*c + 862 = -8*c. Is c prime?
False
Suppose a = -a + 8. Suppose -j + a*u = 13, 3*j - 7 = 2*j - u. Suppose 29 = j*m + 8. Is m a prime number?
True
Let h be -60 - ((-1 - 1) + -1). Let m = h + 108. Suppose 208 - m = z. Is z a prime number?
True
Suppose -16 - 4 = 5*u. Let x be 2 - -1 - u/(-4). Is x/((-4)/10)*-71 composite?
True
Suppose -4*u = -4*j - 111952, -5*u = 103*j - 106*j - 139930. Is u prime?
True
Let o(k) be the third derivative of 59*k**4/12 - 17*k**3/6 - 20*k**2. Is o(7) a composite number?
False
Let v be 84/8*2/(-3). Let l be ((-314)/(-8))/(v/(-56)). Suppose -580 - l = -3*o. Is o composite?
True
Let r be ((-102473)/21)/((-1)/6). Suppose -11*j + 129345 - r = 0. Is j prime?
False
Let w = -19 + 42. Let b = -4 - w. Let y = 167 - b. Is y prime?
False
Is 177126/22 - (-40)/(-220) prime?
False
Suppose -17*t + 12*t - 125 = 0. Is (t/(-75))/(18295/9147 - 2) a composite number?
False
Let w = -12759 + -2451. Is (-7)/(49/w) + (-1)/(-7) a prime number?
False
Let z(i) = -1105*i + 167. Is z(-8) composite?
False
Let j(g) = 38*g - 81. Let k(c) = -c + 35. Let m be k(9). Is j(m) a prime number?
True
Suppose -4*o + 7*o = -5*m + 48236, 0 = -3*o + 2*m + 48271. Is o composite?
False
Suppose 4*z - 36 = 4*h, 5*z + 5*h - 61 = -16. Suppose z*t = 5*t + 20. Let q(j) = -j**3 + 7*j**2 + 4*j + 4. Is q(t) a prime number?
False
Suppose -2 = 2*j + 8. Let i be 64/j*455/(-26). Suppose 2*d - 5*g + i - 720 = 0, -3*g = 4*d - 1018. Is d a prime number?
False
Let y(w) = 14461*w + 366. Is y(5) a composite number?
False
Suppose -4*f = f + 30. Let u be (-32)/f + (-2)/(-3). Let i = u - 0. Is i composite?
True
Let t = 5 - -1. Let k be (t/4)/((-9)/(-30)). Suppose 2*z = x - 159, 3*x - x - k*z = 319. Is x composite?
False
Suppose -3*j = -4*j + 7. Suppose -3*z + 3410 = j*z. Is z prime?
False
Let o(n) = 4556*n**3 - 5*n + 4. Is o(3) a composite number?
False
Let q = 358 + 3913. Is q a prime number?
True
Let z(m) = -m**3 + 17*m**2 - 14*m - 30. Let f be z(16). Suppose g - 2*b - 2149 = b, -f*g = -2*b - 4314. Is g composite?
False
Suppose -2*x - 1627 = -4689. Is x prime?
True
Suppose -n + 4*n - 36 = 3*s, -5*s - 15 = 4*n. Let d(t) = 53*t - 18. Let w be d(6). Let k = w + s. Is k a prime number?
True
Let d = -88 + 586. Suppose 0 = -c - 5*c + d. Is c prime?
True
Is 19920 - (-8 + 0)/(-8) a composite number?
False
Let k(l) = -300*l**3 - 6*l**2 - 58*l - 21. Is k(-5) prime?
True
Let n = 8 + -13. Let v(r) = 17*r**2 - 6*r - 6. Is v(n) a prime number?
True
Let m(p) = p**3 + 4*p**2 - 4*p + 7. Let c be m(-5). Suppose -c*i - 3*i = -815. Let w = -89 + i. Is w prime?
False
Let h(b) = 4*b - 5*b**3 - 3*b - 3*b**3 + 3*b**3. Let n be h(-1). Suppose 662 = -2*j + n*j. Is j prime?
True
Suppose -8 = 5*q + p, 2 = -2*q - p - 3. Is 0 - (-750 + (-4 - q)) a composite number?
True
Let y(z) = z**2 + 2*z. Let q be y(-2). Suppose i + 4*i - 3800 = q. Suppose -j + 4*f + 284 = 83, 4*j - 5*f = i. Is j a prime number?
False
Let z(c) = 3*c**3 - c**3 - 11 - 8*c**2 - 3*c**3 + 9*c - c**3. Let u be z(-8). Suppose -4*b + 391 = -u. Is b composite?
True
Let g(o) = o + 10. Let u be g(-11). Let m be (u - -4)*89/(-3). Let j = m + 144. Is j composite?
True
Let q = -14604 + 49327. Is q prime?
False
Suppose 25*z - 26*z + 17681 = 0. Is z composite?
False
Suppose 5*f = 12 + 3. Let o = f + -3. Suppose o = 2*m - 188 - 214. Is m a prime number?
False
Let h = 115 - 105. Suppose 9*x - h*x + 2581 = 0. Is x composite?
True
Let o(m) = -176*m - 95. Is o(-33) composite?
True
Suppose 2*p - 2377 = -3*k - 2*p, 0 = -3*p + 3. Is k composite?
True
Suppose 0 = -4*v + 549 + 1439. Is v a prime number?
False
Suppose -2*a = -1 - 5. Let h be (-3 + 3)*a/9. Suppose 0*p - 3*p - 3*l + 594 = h, -l = 5. Is p composite?
True
Let k(x) = x**2 - 8*x + 10. Let s = 5 - 9. Let o = s - 5. Is k(o) prime?
True
Let n be (2/(-6))/(6/(-36)). Let k be (30/25)/(n/5). Suppose -m - 3*a + 19 = -0*m, -4*m + k*a = -76. Is m a prime number?
True
Let v(n) = 27*n**2 + 47*n + 30. Let q(b) = -9*b**2 - 16*b - 10. Let y(d) = 11*q(d) + 4*v(d). Is y(-9) a composite number?
False
Let j be (-4)/((-10)/(-15) - 2). Suppose 2*v + j*v + 4*r = 442, -157 = -2*v + 5*r. Is v composite?
True
Let p(w) = -17*w**3 - 11*w**2 + 32*w - 5. Is p(-14) prime?
False
Let a(t) = t**2 + t - 1102. Let q be a(0). Suppose 23 = -3*f - 1378. Let n = f - q. Is n a prime number?
False
Suppose 2*u - j - 28217 = 0, 0*u - j = -u + 14108. Is u a prime number?
False
Suppose 2*s - 3*s + 3636 = 2*x, -s - x = -3641. Is s composite?
True
Let d(f) = f + 17. Let u be d(-13). Suppose u*l + 6 = 14, 2*p = 3*l + 592. Is p prime?
False
Let z be ((-12210)/4)/(-3) + (-6)/12. Let f = z - 476. Is f a prime number?
True
Let w be (3 - (-36)/(-4))*(-2044)/6. Is 3/15 + w/5 a composite number?
False
Let f(p) = 3*p**2 - 12*p + 5. Let c be f(8). Let g = -44 + c. Let a = 202 - g. Is a composite?
True
Let w = -5255 - -1000. Let d = -2076 - w. Is d a prime number?
True
Suppose 39*i + 4*v = 38*i + 7663, -4*v - 7639 = -i. Is i a composite number?
True
Let k(s) = 2*s**2 - 3*s - 4. Let n be k(-2). Suppose 4*v + 192 = 4*z, -5*v - 38 + n = -z. Is z a prime number?
True
Suppose 4*r + 34 = -2*g + 110, 70 = 4*r - g. Suppose 2*t + 4*o = -r, -5*t + 4*o = -0*o + 73. Is (-2 - 9)/(1/t) composite?
True
Suppose 2*l + 0*k + 4*k = 7634, 0 = -2*k + 8. Is l a prime number?
False
Suppose 11*i - 6 = 9*i. Let s = i - -18. Is s prime?
False
Suppose -7*p + 5*